4 - ((21 - -43) + -17)?
-23
Evaluate (0 - ((8 - -5 - 19 - -2) + -1)) + 123.
128
Calculate -8 + 0 + 85 + (4 - -6 - (35 + -15)).
67
Calculate 13 + -22 + 60 + -44.
7
What is the value of (0 + -2 - (-425 - -422)) + -40?
-39
Evaluate 4 + 19 + 15 - (-40 - -24).
54
2 - (-7 + -5 + (58 - 78))
34
Calculate -4 - (1 - 48) - (17 + -1).
27
Calculate -49 - 8 - 19 - (-8 - 16).
-52
What is 7 - (-2 - -3) - 5 - -14 - (65 - 74)?
24
Calculate -19 + (0 + 14 - 4) + 7 + 91.
89
Calculate (5 - ((2 - -1) + -21 + 38)) + -30.
-45
Evaluate -725 - -748 - (1 + -1 + 3 + 3).
17
What is the value of -12 + 6 + 8 + 13 + -54?
-39
(-2 - (-7 - (-5 + -17))) + 43
26
Evaluate (309 - 181) + -58 + -4.
66
Evaluate -7 + 28 + 30 + -2.
49
What is the value of 42 + (21 - (51 + -10 + -11))?
33
Calculate -39 - (2 - (-7 - -12)) - (3 - 16).
-23
What is the value of 32 - -1 - (-183 + (33 - -93))?
90
(-51 - -67) + (-14 - 34) + -8
-40
56 + 0 - (-28519 + 28437)
138
What is -21 - -4 - (59 + (-116 - -55))?
-15
What is 129 - (206 + 1 + -88)?
10
Calculate 38 + (14 - (-15 + 156)) + 48.
-41
Evaluate (0 + -36 - (-3 + -9 - -6)) + -14.
-44
-14 + 2 + 0 - (67 - 68) - (-44 - -74)
-41
What is the value of -9 + 4 + -29 + 0 + 15 - -50?
31
Calculate -22 + -4 + -23 + 6 + 7.
-36
What is the value of 52 + (-6 - 18) + (-10 - -29)?
47
(1 - 13) + (-92 - 66) + 58 - (2 - 3)
-111
Evaluate (-2 + -1 - -2) + 49 + 6 + 16 + -14.
56
What is the value of -13 - (87 + -90 + 112 + (-1 - 12))?
-109
Calculate -30 + 124 + -51 + -19 + -15.
9
-7 - 1 - (3507 - 3559)
44
Calculate -5 + (-6 - -6) - ((78 - (20 + -13)) + 1).
-77
Evaluate -32 + 88 + 24 - (34 + -20).
66
What is 181 + -219 + 38 + 0 + 111 + 0?
111
What is the value of -49 + 38 + 10 + 11 - -22?
32
Evaluate 44 - 19 - 84 - -33.
-26
What is the value of 31 + (-15 + 11 - 11) - 2?
14
Evaluate (-14 - (-18 - -11) - -10) + (-26 - -43).
20
What is -23 + -2 + (-1 - 7 - (-78 - (-96 + 33)))?
-18
14 + (18 - 3) - (-7 + 1 + -1)
36
What is (54 - -1 - -2) + (-5374 - -5342)?
25
What is ((-234 - -217) + 2 + 0 - -4) + -3 + -5?
-19
Evaluate (16 - (-30 + 32)) + -31.
-17
What is the value of -30 - 0 - (-47 + -13 - -64)?
-34
Evaluate (74 - (-1 + (27 - 16))) + -16.
48
Calculate 0 + (7 - (51 + 3)) - (15 + (13 - 28)).
-47
Calculate -1 + 8 + (-4 - 9 - (-186 - -160)).
20
Evaluate 33 + (42 + 22 - 69).
28
Evaluate (-43 - (10 + -10)) + (5 - 0) + 11 + -2.
-29
What is the value of -43 + (-53 + 29 - (-4 - 5))?
-58
What is the value of 26 + -29 + -26 + -19 - (7 + (-1 - 3))?
-51
What is -160 + (153 - 43) - (1 - (8 + 0)) - -13?
-30
Calculate 48 - -1 - (1 + -33 - (4 + 2 + -25)).
62
Calculate 10 + (1 - 0 - -7) + -54 + 50 - 100.
-86
Evaluate -108 + 6 + (-62 - -78).
-86
What is -2 + -8 + -7826 + 7923?
87
(61 + -19 - 29) + 0 - 17
-4
What is (29 - (75 - -70)) + -7?
-123
Evaluate -63 - (-40 + -115 + 73).
19
(-11 - -17) + 103 + (-13 - -16 - (-1 - -9))
104
What is the value of 11 - (22 - (-36 + 59) - 80)?
92
Calculate 11 + 0 + 1 + 12 + (189 - 184).
29
What is -2 + 0 - (4 - 16) - (7 + -14 - -40)?
-23
Calculate 80 - (-5 - -42 - (32 - -7)).
82
Calculate 3 + -11 - (91 - (28 + -23 + 5)).
-89
What is the value of -40 + (52 - 43) + 40 - 65?
-56
27 + (21 - 15 - 18) - 36
-21
Evaluate (-3 + 1 - -1) + -4 + (-4 + 8 - -4).
3
What is 29 - 2 - (68 + -90) - (-1 - 1)?
51
What is 27 + -52 + (-29 - -77)?
23
Evaluate 0 + 42 - (-9 + 72 + -52) - 15.
16
-28 - -1 - (458 - 475)
-10
-81 + (-46 + -4 - (-60 + 44))
-115
Evaluate (65 - 16) + -12 + -100 - (-9 + 1 - 1).
-54
-130 + (14 - -36) - -32
-48
Calculate -35 + -8 + 25 + -1.
-19
What is 4 + (-66 - -44 - -17) + (4 - 2)?
1
What is the value of 16 + (5 - 0) - (-356 + 365)?
12
What is the value of (24 - 0) + (-17 + -3 - 0)?
4
Calculate (-3 - -38) + (0 - (93 + -1)).
-57
What is 1 + -5 - (-1830 - -1771) - (8 - -1)?
46
What is (17 - -9 - -23) + -94?
-45
What is -38 + -13 + 34 + -37 + -11?
-65
What is (-5 - -16) + -3 + -9 + (-19 - -2)?
-18
(17 - -46) + (-3 - (7 + -8)) + (-5 - 5)
51
Calculate -3 - (-175 + 25 + 54 - (-1 + -17)).
75
Evaluate -62 + 205 + -155 - (-13 - (3 + -1)).
3
Calculate -547 + 535 + 4 + 29.
21
-10 + (-18 + (-5 + 14 - 3) - (16 + -34))
-4
78 - (300 - (-69 - -173))
-118
-14 - -1 - (-54 - (-38 - (-64 + 84)))
-17
What is the value of -46 - (-1 - (33 - 27 - 42))?
-81
2 + -34 + -115 + 96 + 21
-30
What is -6 - (-3 + 4) - (-19 + 29 + -22)?
5
58 + 11 + -76 - (-2 - (-2 + -39))
-46
167 + -185 - (10 + 3 + (6 - 4))
-33
What is (2 - -21) + (891 - 890)?
24
Calculate 107 - (61 + 55 - 100).
91
(-19 - (-30 - 18)) + 29 + -46
12
Evaluate 128 + 82 + -61 + -77.
72
Evaluate -49 + -3 + 43 + (-11 - 4).
-24
-3034 + 2902 - (-80 - 2)
-50
Evaluate (154 - 217 - (12 + -3)) + 24.
-48
Evaluate -2 - 8 - (-1 + 99 - (723 - 682)).
-67
What is (-8 - 2) + 13 + -1 + -10 + 2 - -82?
76
Evaluate -15 - 3 - (7 + -21 + 21 + -5).
-20
What is the value of -30 + (26 - 5) + 5 + 10?
6
What is 4385 - 4396 - (-1 + (1 - 0) + 56)?
-67
Calculate -94 + 41 + 1 + 5.
-47
What is the value of (-3 + 0 - -3) + -3 + -34 + 9990 + -10002?
-49
11 - (-43 - -133) - -18
-61
42 + -61 + -25 + 45 - 140
-139
What is the value of 38 + (1 - 3) + 88 + -106 + 4?
22
Calculate 5 - (4 + (-8 - -26) - 1).
-16
Calculate -318 + 334 + -44 + -4.
-32
Calculate -7 + 34 - (304 - 287).
10
What is the value of 11 + 0 + (-16 - (-61 + 25))?
31
What is the value of 70 - (-2 + 1) - ((39 - 65) + (2 - -28))?
67
41 - 63 - (104 - 153)
27
Calculate -87 - -75 - (-14 + 5 - -7).
-10
What is (17 + -20 - (10 + -3 + 1)) + 200 + -231?
-42
What is the value of 8 + 47 - ((0 - 5) + (35 + -35 - 1))?
61
What is the value of -95 - 17 - (5 + 4 - 29)?
-92
-67 + (26 + -28 - -48)
-21
What is 2 + (9 + -45 - -20) + 5?
-9
What is the value of 9 - (36 - 27 - 38)?
38
52 - (-4 - -2) - (21 - (35 + 7 + -13))
62
Evaluate -37 - (170 + -81 + -104).
-22
Evaluate (1 - -1 - (-71 + 36)) + -3.
34
0 + -61 - (0 + 4 + (22 - (58 - 24)))
-53
Calculate (1 + -3 + -2 - -4) + (55 + -38 - -6).
23
-211 + 215 - (-9 - -43 - -7)
-37
What is -14 - (-160 - -28) - 29?
89
278 + -270 + (0 - 23) - 20
-35
Evaluate 6 - 0 - ((9 - (17 + -37)) + -20).
-3
What is the value of (322 - 488) + (111 - 4)?
-59
Calculate 2 + -25 - (42 + -154 + 171).
-82
Calculate -21 + -20 + 6 + 10 - 124.
-149
What is 24 + -36 + 32 + -47?
-27
What is 15 + (-22 - 63) + 13 + 20?
-37
(46 - 25 - (-8 + 9 + 42)) + 92
70
What is -363 - -343 - (1 + -2 - -47)?
-66
Evaluate -70 - (-19 + -1 + (-22 + -5 + 32 - 0)).
-55
Calculate 27 - 10 - (-39 + 83 - 71).
44
Evaluate 0 - 8 - (-64 - (-13 + 6 - 2)).
47
What is 34 + 69 + -58 + (5 - -37)?
87
Evaluate (-31 - -2 - (289 - 313)) + 0 + -35 + 2.
-38
((6 - -4) + -21 - -8) + -64 + (4 - 20)
-83
What is the value of 95 + (242 - 249 - (-6 - -31))?
63
Calculate (8 - -16) + (48 - 3) + 35.
104
(44 - 1) + -34 + -44
-35
What is the value of (-1846 - -1861) + -21 + 1?
-5
Calculate -78 - (0 + (-10 - 3) - (-24 - -18) - -3).
-74
-61 + -5 + (34 - 29) + 22
-39
Evaluate 24 + -23 + 4 + -1 + -4 + -12 + -36.
-48
What is (-2 - -1 - (-3 + (-14 - -19 - 3))) + 41?
41
Evaluate 21 - ((42 - -11) + -66).
34
What is 54 + -34 + -11 + 1 + 18?
28
Calculate -19 + -2 - -30 - (-9 - 12).
30
What is the value of -76 + -57 - ((-16 - 9) + 14)?
-122
What is the value of (-15 - (-4 - (-8 + 25))) + -2 + -64?
-60
(10 + -33 - -24) + 25
26
-3 + 3 + -53 - (8 - (6 + (-5 - -7)))
-53
What is -1 - -4 - (627 - 596) - -22?
-6
22 - (12 - 10 - (-69 - 42))
-91
Evaluate -50 - (-16 + (-5 - (3 - (26 + -4)))).
-48
What is 39 + (0 - (12 - 18) - (-4 - -4 - 1))?
46
What is the value of (165 - 17) + -150 + (0 - 27)?
-29
Evaluate -30 + 112 + -46 - -15.
51
What is -97 + -11 + ((27 - (4 + 6)) + -7 - 10)?
-108
What is the value of 37 - -34 - 7 - (1 + 2 + 0)?
61
Calculate (-313 + 329 - (1 - -17)) + -27.
-29
What is (-10 + 6 - -10) + -12 - (-366 - -322)?
38
What is (-20 - 257 - -112) + 94?
-71
What is 122 - (3 + -10 + 28 + (108 - 117))?
110
What is -33 + 2 + 3384 + -3334?
19
Evaluate 68 - 2 - 138 - -18.
-54
Calculate -8 + 24 + -8 + 2 - (-2 + -9 - -10).
11
What is (70 - ((14 - 22) + (0 - -2))) + (113 - 124)?
65
Evaluate 10 - -4 - 23 - -8 - (-52 + (-2 - -1)).
52
What is -69 + (10 + -2 - (-48 + (96 - 28)))?
-81
20 + -449 + 448 + -4 + 0
15
What is (6 + -1 - (287 + -273) - 37) + 6?
-40
Calculate -1 + -1 + 2 - (-12 + 34 + -36).
14
What is the value of (0 - 0 - (-2 + 10)) + (139 - 193 - -10)?
-52
4 - 58 - (51 + (-85 - 